 47, 79
Let q = -32 + 30. Let g be (-36)/(-9) + q + 0. What are the prime factors of ((-12)/6)/(g/(-18))?
2, 3
Let t = -19058 - -78574. List the prime factors of t.
2, 14879
Suppose 7*h + 5360 - 11040 = 5653. List the prime factors of h.
1619
Let z(d) = 14*d**2 - 2*d - 7. Let u = 79 - 35. Let y = 41 - u. List the prime factors of z(y).
5
Suppose -11*n + 129 = 96. Suppose n*m + 14*m - 5457 = 0. List the prime factors of m.
3, 107
Suppose -245 + 263 = 3*d. Let k(f) = f**2 + f - 32. What are the prime factors of k(d)?
2, 5
Let j be (3 - (-359 + 3)) + -3. Suppose -j + 36 = 8*v. Let y = -33 - v. What are the prime factors of y?
7
Let t(z) = 3*z - 20. Let h(q) = 2*q + 29. Let i be h(-10). Let j be t(i). Let o(p) = 7*p + 27. List the prime factors of o(j).
2, 19
Suppose 58*c - 378168 = 65*c. What are the prime factors of (-1)/3 - (c/(-9))/(-8)?
2, 3, 5
Let v(m) = 101*m**2 - 2*m. Let x be (-2)/8*-10 - (-1)/(-2). Let n be v(x). Suppose n = 9*r - 383. List the prime factors of r.
3, 29
Let w(i) = i**2 + 5*i + 5. Let x be w(-5). Suppose 0 = 2*j, 0 = -x*l + 2*j + 241 + 404. Suppose 4*r - l = 147. What are the prime factors of r?
3, 23
Let y = -117 - -114. Let d be (6/18 + (y - -3))*15. Suppose -5*n + 608 = -4*f + 3*f, -15 = d*f. What are the prime factors of n?
11
Suppose -4*w - 176 - 152 = 0. List the prime factors of 1 - (2 - 2) - (w + -1).
2, 3, 7
Let x(n) = 6*n**2 - 45*n + 10. Let o be x(7). Let t(k) be the second derivative of -k**3 - 3*k**2 - k. List the prime factors of t(o).
2, 3, 5
Let l = -23 + 25. Suppose -l*w + 3*d - 29 = 0, 0*w - 3*d = 3*w + 6. List the prime factors of (-3801)/(-49) - (-4)/w.
7, 11
Let q(r) = -13*r**3 + 4*r**2 + 3*r - 2. Let z be q(-3). Suppose 0*m - m = 4*o - z, o - 77 = 4*m. Suppose 5*j - o = 122. What are the prime factors of j?
43
Let w = 11321 - 6065. List the prime factors of w.
2, 3, 73
Suppose c - 1 = 0, 0 = w - 4*c - 1068 - 650. What are the prime factors of w?
2, 3, 7, 41
Suppose -10107 = -3*u - 4*g + g, 4*u + 5*g = 13482. What are the prime factors of u?
3, 19, 59
Let h(u) = 18*u**2 - 177*u - 8. List the prime factors of h(23).
5443
Suppose 0 = 5*k + 12*k - 7157. Let w = k + -42. List the prime factors of w.
379
Let l(z) be the first derivative of 2*z**2 - 19*z - 35. Let u be l(6). Suppose -d + 4*x + 2 = -87, 4*d = u*x + 378. What are the prime factors of d?
97
Let j = -39 - -36. Let h be -1*(-15)/(j/1). List the prime factors of (h/(-4)*4)/((-3)/(-15)).
5
Suppose 0 = 7*i + 5507 + 478. Let v = -442 - i. List the prime factors of v.
7, 59
Let z(c) be the first derivative of c**4/4 - 8*c**3/3 + 4*c**2 - 5*c - 14. Let t be z(7). Suppose t*g = 7*g - 220. List the prime factors of g.
2, 11
Suppose -221*p = -215*p - 164838. List the prime factors of p.
83, 331
Let n(y) = -y**3 + 8*y**2 + 8*y + 9. Let c be 4*(-4)/14*(-21)/6. Suppose -40 = -9*a + c*a. List the prime factors of n(a).
73
Let o be (0 - (-16)/10)/((-44)/(-110)). List the prime factors of ((-2)/o)/((-17)/17068).
2, 251
Suppose 2*y + 86 - 16 = -4*c, 5*y - 23 = c. Let q(k) = -k + 18 - 26 + 26. List the prime factors of q(c).
2, 3
Suppose 6*c = -c + 21. Suppose c*s = -25 + 16. What are the prime factors of (124/s)/((-18)/54)?
2, 31
Let t be (-9)/((-63)/(-20))*(4 + -11). Suppose t + 0 = -4*g, 5*g + 485 = 5*i. List the prime factors of ((-9)/3 - -5)*(i + 2).
2, 47
Suppose -17*o - 8 = -21*o. Suppose 0 = o*l - 10*l - 2640. Let t = l - -518. What are the prime factors of t?
2, 47
Let b = 7765 - 6606. What are the prime factors of b?
19, 61
Let n = -216 + 223. Suppose -n*u + 3165 = 8*u. What are the prime factors of u?
211
Suppose -49*s + 45*s + 68 = 0. Suppose 22*w = s*w + 1995. List the prime factors of w.
3, 7, 19
Let v(s) = 1071*s**2 + 54*s - 9. List the prime factors of v(-4).
3, 1879
Suppose 4*m = -7*u + 14834 + 26675, 3*u + 10401 = m. List the prime factors of m.
2, 3, 577
Suppose 105*u + 3*d = 109*u - 36046, 0 = -5*u - 4*d + 45073. List the prime factors of u.
9013
Let d(r) be the first derivative of 2*r**4 - r**3/3 + 17*r**2 - 17. Let t(k) be the second derivative of d(k). List the prime factors of t(5).
2, 7, 17
Let k(g) = -g**3 - 13*g + 11. Suppose 166*x - 163*x = -18. List the prime factors of k(x).
5, 61
What are the prime factors of 16075/6*(-5 + (-424)/(-80))*36?
3, 5, 643
Let p(n) = 2*n**2 - 10*n + 524. Let s(r) = -6*r - 30. Let t be s(-5). List the prime factors of p(t).
2, 131
Suppose -1396 = -3*t - 2*d, 3*t + 73*d - 1395 = 70*d. List the prime factors of t.
2, 233
Let b be (-3 + (-32)/(-12))*-45. Suppose -g = -2*g - 5*c - b, -g + 2*c + 6 = 0. Suppose o - 61 = 4*w, g*w + 201 = 3*o - 3*w. List the prime factors of o.
3, 23
Suppose 0 = 3*b + 4*k - 724, -1176 = 30*b - 35*b + k. Let l = b + 239. List the prime factors of l.
5, 19
Suppose -9*l = -46 + 10. List the prime factors of (8 + 98)*l/4.
2, 53
List the prime factors of (2 + -5 - -9)/(63/112602).
2, 7, 383
Let y = 12855 - 8136. What are the prime factors of y?
3, 11, 13
List the prime factors of (10 - 559/(-6))*24.
2, 619
Let d = 97 + -97. Suppose -4*u + 5*u + 4*z = 144, d = -u + 3*z + 137. What are the prime factors of u?
2, 5, 7
Suppose -4*h = -33 - 347. Suppose 3*n + h = 230. Let p = 56 - n. What are the prime factors of p?
11
Let z = 686 + -1328. What are the prime factors of -3*-2*z/(-9)?
2, 107
Let z(y) = -3*y**3 + 11*y**2 + 6*y - 4. Let d be z(4). Suppose 4*i = -5*c + 3315, 27*c - 679 = 26*c - d*i. List the prime factors of c.
659
Suppose -2*d = 2*v - 86, 0 = v - 0*d - 3*d - 31. Let o be 2670/v - (-6)/(-8). Suppose f + o = 337. What are the prime factors of f?
271
Suppose 0 = -3*g + a + 3, -5*g - 5*a + 0*a + 25 = 0. Suppose u = -t - 4*t + 1200, -733 = -3*t + g*u. Let x = t + 38. List the prime factors of x.
3, 31
Let s(o) = 33 + 3*o - 170*o**2 + 191*o**2 + 2*o. List the prime factors of s(-5).
13, 41
Let n(b) = -b**3 - 11*b**2 + 42*b + 3. Let j be n(-14). List the prime factors of j/((-9)/(-165))*(-30)/(-50).
3, 11
Let o(g) be the second derivative of -41*g + 3/4*g**4 + 0 + 31/2*g**2 - 3/2*g**3. List the prime factors of o(5).
211
Let v(z) = 9109*z + 1849. What are the prime factors of v(2)?
3, 6689
Let m(g) be the third derivative of -g**6/120 + g**5/12 + 4*g**4 - 3*g**3/2 - 5*g**2 - 12. List the prime factors of m(-8).
5, 11
Let m(u) be the first derivative of 23*u**4 - 11*u**3/3 - 5*u**2/2 + 4*u - 240. What are the prime factors of m(2)?
2, 7
Suppose -2*j + 1894 = 544. Let p = -141 + j. What are the prime factors of p?
2, 3, 89
Let d = -832 - -1606. Suppose 6*a - 462 = d. What are the prime factors of a?
2, 103
Let m(a) = 150*a - 3. Let u be m(2). Let k(s) = -46*s**2 + 206*s + 417. Let t be k(-2). Let c = t + u. List the prime factors of c.
2, 59
Suppose 22*r - 165433 + 23687 = 0. What are the prime factors of r?
17, 379
Suppose 15*f - 11*f + 3*a - 18 = 0, 2*f = 4*a - 2. Suppose f*j + 13328 = 20*j. What are the prime factors of j?
2, 7
Suppose 2*l + 56 = 3*f + 7*l, -f + 2*l + 4 = 0. Let d(z) = 5*z**2 - 21*z - 31. What are the prime factors of d(f)?
19, 23
Let g = 201 - 159. Suppose 4*i = g*i - 11856. What are the prime factors of i?
2, 3, 13
Let w(k) = 2*k**3 - 19*k**2 + 6*k - 10. Let m be w(9). Let n = m + 28. List the prime factors of 6*-1*228/n.
2, 19
Let d(t) = 42*t**2 + 313*t + 1782. Let m be d(-6). Let z(v) = 21*v - 2. Let a be z(2). Suppose -m - a = -7*p. What are the prime factors of p?
2, 13
Let a = -1056 + 1837. Suppose -a - 494 = -3*k. Let j = 605 - k. What are the prime factors of j?
2, 3, 5
Suppose 20*d + 965 = 25*d. Suppose 7*u - 4*i = 10*u - 188, i = 3*u - d. List the prime factors of u.
2
Suppose 4*r + 167*k - 165*k = 62630, 18 = -2*k. List the prime factors of r.
2, 41, 191
Let q(i) = -99*i - 123. Let o(w) = 49*w + 62. Let d(j) = -5*o(j) - 3*q(j). What are the prime factors of d(9)?
17, 31
Suppose -g + 3*g - 172 = 0. Let i = 896 + -893. Suppose i*h + 0*h - m = g, 3*m + 69 = 2*h. List the prime factors of h.
3
Let f be -3 + 0 + -5 + 1 + -2. Let w(x) = x**3 + 10*x**2 + 10*x + 13. Let z be w(f). List the prime factors of (84/(-15) + z)/(2/(-155)).
2, 31
Suppose -53 = -4*r - 2*k + 289, 0 = -3*r - k + 258. Let c = -16 + r. Let l = 195 - c. List the prime factors of l.
2, 31
Let y(h) = h**3 - 9*h**2 + 13*h - 9. Let d be y(8). Suppose 0 = -3*n + 2*g + d, 2*n - 3*g = 23 - 9. S